 and v?
5
Let k(x) = 7*x**2 + 30*x + 43. Let m be k(-11). Calculate the highest common divisor of 1 and m.
1
Let y(s) = -s**3 + 5*s**2 - 3*s + 25. Let v be y(5). Suppose 67*m = 68*m - v. Calculate the greatest common divisor of 230 and m.
10
Let t(d) = d**3 + 10*d**2 - 4. Let i be t(-10). Let z(n) = -7*n - 2. Let w be z(i). Suppose -a = -2*a + w. What is the greatest common divisor of a and 65?
13
Let q(b) = b + 19. Let a be q(5). Suppose -a*p - 120 = -28*p. Suppose -10 + p = m. Calculate the highest common factor of 20 and m.
20
Let x be (-27)/(-18)*(-2)/6*(-16 + -4). What is the greatest common factor of x and 4190?
10
Let j(n) = n**3 - 11*n**2 - 23*n + 66. Let m be j(14). What is the greatest common factor of m and 1577?
83
Let d = 270 + -285. Let l be (-92 - -1)*10/(d + 5). Suppose 0 = -3*o + 5*r + 21, -o - 2*o + 3*r = -21. What is the highest common factor of l and o?
7
Let q = -1965 - -1969. Suppose 5*i = 6 + 74. Calculate the greatest common divisor of q and i.
4
Let m(w) = -4*w**3 - 10*w**2 - 53*w. Let a be m(-5). Calculate the greatest common factor of a and 55.
5
Suppose -3*t + 304 = z - 45, 2*z - 723 = -t. Suppose -348 = -3*v - 3*o, 3*v + 10*o - z = 11*o. What is the greatest common divisor of 72 and v?
24
Let r(d) = d**2 - 9*d - 1. Let j = 23 - 13. Let q be r(j). Suppose -4*x + 3 + 1 = 4*u, u = 3*x + q. What is the greatest common factor of u and 9?
3
Let a = -5896 + 6816. What is the highest common divisor of a and 4968?
184
Let d = 68 + -44. Let h be ((-9)/(-12))/((-7)/(-28)). Let o be h/(-3)*(3 - 15). Calculate the highest common divisor of o and d.
12
Let a(z) = 125*z**2 + 102*z - 196. Let d be a(2). Calculate the highest common divisor of d and 5461.
127
Suppose -3616 = -36*w - 1096. Suppose -74*c + 60*c = -w. What is the greatest common factor of c and 9?
1
Suppose 46*x - 277 - 4025 = 18744. Calculate the greatest common factor of 1169 and x.
167
Let c(m) = 219*m**2 + 58*m + 254. Let x be c(-4). Calculate the greatest common factor of 82 and x.
82
Let a be 0 - (-6)/(-21) - 3456/(-336). Suppose 2*t - a = 0, t + 191 - 961 = -5*g. Calculate the greatest common divisor of g and 85.
17
Let k = -175 + 85. Let b be 9/(-18)*(-4 - -2)*14. Let l = b - k. Calculate the highest common factor of 8 and l.
8
Let y be -4*((-27)/(-12) + -7). Suppose -y*r = -993 + 24. What is the greatest common divisor of 425 and r?
17
Suppose 0*i = 5*i + 4*y - 30, 0 = -y. Suppose 6*c + 18 = -i. Let z be c/((-7)/((-105)/(-10))). Calculate the greatest common factor of z and 42.
6
Let z(k) = -2*k**3 + k - 5. Let h be z(-5). Let g(n) = 1257*n + 5068. Let j be g(-4). Calculate the greatest common divisor of h and j.
40
Let l be ((-8)/(-10))/(54/(-1035))*-12. Suppose 5*u = 2*u - 327. Let b = l + u. What is the greatest common factor of b and 15?
15
Let o = 13 - 9. Suppose -o*h + 5*j + 72 = -h, h - j = 22. Let r be (-113 - 8)/11*(2 + -21). Calculate the greatest common factor of r and h.
19
Let l = 11030 + -10926. What is the highest common factor of 2626 and l?
26
Suppose -4*j = -r + 17956, -3*r - j + 6088 + 47819 = 0. What is the greatest common divisor of 32 and r?
16
Let y(d) = 2*d**3 + 46*d**2 + 43*d + 22. Let k be y(-22). What is the highest common factor of k and 1364?
44
Let y = 48623 + -30972. Suppose 4826 - y = -19*v. What is the greatest common divisor of v and 75?
75
Let m(j) = 65*j**2 + 31*j + 28. Let y be m(-1). What is the greatest common divisor of y and 93?
31
Let b(p) = -p**2 + 4*p + 14. Let h(t) = -t + 9. Let r be h(3). Let a be b(r). Suppose a*i - 125 = -3*i. Calculate the greatest common factor of 275 and i.
25
Suppose 236610 = -151*v + 250*v. Calculate the greatest common divisor of v and 50.
10
Let r = 103 + -214. Let s = 166 + r. What is the greatest common divisor of 22 and s?
11
Suppose -4*f - 40 = c + 2*c, -5*c - 115 = -3*f. Let d = c + 24. Calculate the highest common divisor of 26 and d.
2
Suppose -21*r - k = -15*r - 40105, -5*k = 25. Calculate the highest common divisor of 35 and r.
35
Let v(n) = -2*n - 20. Let o be v(-14). Suppose o*d = 3*d + 15. Suppose -3*p + 2*a + 43 = -d*a, -3*p - 2 = 4*a. What is the highest common factor of 54 and p?
6
Let i be (3 - 17)/(-2 - -3). Let l(t) = t + 15. Let u be l(i). Let z be u/(2/260*5). What is the greatest common divisor of z and 13?
13
Let k be (-2)/8 + (-63)/(-12). Let s be (-310)/14 + 0 + 8/56. Let p be (-28)/k*55/s. What is the greatest common divisor of 14 and p?
14
Let s(q) = q**3 + 24*q**2 - 29*q - 48. Let k be s(-25). Suppose -k*a + 7*a = -2970. Calculate the greatest common divisor of a and 286.
22
Let k be -111*(32/(-6) + 5)/(3/9). Let i = 393 + -279. Suppose -34 - i = -2*p. What is the greatest common divisor of p and k?
37
Let k = 8453 + -8445. Calculate the greatest common factor of k and 106.
2
Suppose 4*f + 1519 = 159. Let y = f - -379. Calculate the highest common divisor of y and 312.
39
Let v(f) = f. Let p(h) = -49*h - 9. Let o(d) = p(d) - v(d). Let x be o(-8). Suppose 4*r = -91 + x. Calculate the highest common factor of 25 and r.
25
Let p be (69/322*21/(-18))/(1/(-40)). What is the highest common divisor of p and 470?
10
Let o(x) = -x**3 + 9*x**2 - 15*x - 5. Let h be o(6). Suppose -p - 41 = -43. What is the greatest common divisor of p and h?
1
Let v be (-14)/(-3) + 48/36. Suppose -4*m - 45 = -v*m + 3*l, 2*l = -m + 26. Calculate the highest common factor of 54 and m.
6
Let p(a) = -a**2 - 86*a + 39. Let i be p(-48). Suppose -l - 8*l + i = 0. Calculate the greatest common factor of 9 and l.
9
Let l(j) = -j**3 - 110*j**2 + 219*j + 352. Let z be l(-112). What is the highest common divisor of 1767 and z?
57
Let f = -171 + 3. Let h = f - -288. What is the highest common factor of h and 36?
12
Let j be (-1440)/16*(253/2)/(-11). Calculate the greatest common divisor of 195 and j.
15
Let w be 91 - 9*(-11 + 10). Let l be 1506/30 + 1/(-5). Suppose -4*g + l = -2*g. What is the greatest common divisor of g and w?
25
Let p = -25 + 56. Let c be (-4)/(-6) - (-1148)/(-84). Let q be 243 - (3 - (-5 - c))/1. What is the highest common divisor of q and p?
31
Let n = -2437 + 2565. Calculate the greatest common factor of 1696 and n.
32
Suppose -125 = -6*h - 329. Let j be -2 - -1 - 3*h/6. Calculate the highest common divisor of j and 64.
16
Let g be (-49166)/(-1220) + (-3)/10. Suppose -4*y = -3*z - 102, 3*y - 3*z + z = 76. What is the greatest common factor of g and y?
8
Let s be (-319)/(-29) + (3 - 2). Let n(b) = -b**2 + 9*b + 7. Let i be n(7). Calculate the greatest common divisor of i and s.
3
Suppose -48*g + 30608 = 4*s - 45*g, -3*g - 12 = 0. Calculate the highest common divisor of 5 and s.
5
Let k(c) = -220*c + 690. Let f be k(3). What is the highest common factor of f and 1815?
15
Let o = -9858 - -9970. What is the greatest common divisor of o and 9184?
112
Let b be 1170/(-10) - 2/(-2)*1. Let c = 540 - b. What is the highest common factor of 41 and c?
41
Let p be (3 + -1)/(7/(-14)). Let f = 7 + p. Let o be 1 + 2 - (243/(-3))/f. Calculate the greatest common factor of 15 and o.
15
Suppose 2*l - 34*c - 34 = -39*c, 5*l - 3*c + 8 = 0. Let s = 1 - -4. Calculate the highest common factor of l and s.
1
Suppose 0 = -238*z + 216*z - 2198 + 17510. Calculate the highest common factor of z and 280.
8
Let p(c) = -c**3 + 8*c**2 - 13*c - 2. Let h be p(5). Let o(y) = 3*y - 9. Let i be o(h). Calculate the greatest common factor of i and 465.
15
Let i = 24 + 4. Let y(z) = 3*z**2 + z + 6. Let n be y(3). Let v = i + n. Calculate the greatest common factor of 8 and v.
8
Suppose -2*c - 4*j + 242 = 0, -3 = 2*j + 1. Suppose 5*x + c = 4*d, 2*x + 50 = 2*d - 14. Calculate the greatest common divisor of 455 and d.
35
Let m(j) = -2*j**2 + 28*j + 3. Let b be m(14). Calculate the greatest common divisor of b and 128.
1
Let p be -35*(-17 - (-1887)/119). What is the highest common divisor of 56 and p?
8
Suppose q = -4*o + 3*o - 3, o + 1 = -2*q. Let c be (24 - 16)*q/(-8)*-19. Calculate the greatest common factor of 342 and c.
38
Let t(h) = -3*h + 82. Let c be t(21). Suppose 0 = 12*l - c*l + 378. Calculate the highest common factor of l and 135.
27
Suppose 18*c - 13*c = -5*j + 1590, -3*c = 2*j - 634. Calculate the highest common divisor of j and 1312.
32
Suppose 5*w - 10*w + 2026 + 144 = 0. What is the highest common divi